7.
3, 3013337
What are the prime factors of 91654496?
2, 2864203
List the prime factors of 26340766.
2, 1831, 7193
List the prime factors of 188737593.
3, 11, 67, 85363
List the prime factors of 2826696316.
2, 3889, 181711
List the prime factors of 43103940.
2, 3, 5, 11, 65309
List the prime factors of 328769001.
3, 11, 17, 11491
List the prime factors of 665247538.
2, 23, 31, 59, 7907
List the prime factors of 290088633.
3, 96696211
List the prime factors of 870588607.
7, 19, 757, 8647
List the prime factors of 9704837.
383, 25339
List the prime factors of 293832987.
3, 7, 13992047
List the prime factors of 6185284747.
6185284747
List the prime factors of 3688094489.
37993, 97073
List the prime factors of 272649466.
2, 136324733
List the prime factors of 1346660167.
311, 4330097
List the prime factors of 139364996.
2, 1381, 25229
What are the prime factors of 226135023?
3, 59, 191, 6689
List the prime factors of 23050474.
2, 59, 195343
List the prime factors of 3464167175.
5, 7, 19795241
List the prime factors of 80981788.
2, 20245447
List the prime factors of 6670998483.
3, 3083, 721267
List the prime factors of 5651997903.
3, 31, 20258057
What are the prime factors of 231439097?
1013, 228469
What are the prime factors of 634514487?
3, 211504829
What are the prime factors of 3231963675?
3, 5, 73, 196771
What are the prime factors of 208300462?
2, 577, 180503
What are the prime factors of 83985638?
2, 11, 149, 25621
List the prime factors of 120061860.
2, 3, 5, 443, 4517
List the prime factors of 470451375.
3, 5, 139393
What are the prime factors of 15321713?
11, 1392883
What are the prime factors of 139289562?
2, 3, 7738309
List the prime factors of 227516087.
8887, 25601
List the prime factors of 72917558.
2, 7, 127, 41011
What are the prime factors of 70047256?
2, 233, 37579
List the prime factors of 12379853.
79, 156707
List the prime factors of 2077243295.
5, 619, 671161
List the prime factors of 1784973318.
2, 3, 109, 2729317
What are the prime factors of 67154537?
67154537
What are the prime factors of 1408193325?
3, 5, 7, 11, 81281
List the prime factors of 99753028.
2, 103, 242119
List the prime factors of 66953468.
2, 109, 153563
List the prime factors of 3798933094.
2, 11, 163, 991, 1069
What are the prime factors of 1824386761?
18973, 96157
List the prime factors of 706346659.
241, 1481, 1979
What are the prime factors of 41524254?
2, 3, 1249, 1847
List the prime factors of 1081567432.
2, 11, 31, 211, 1879
What are the prime factors of 2883701831?
41, 353, 199247
List the prime factors of 643216774.
2, 41, 1279, 6133
List the prime factors of 142103385.
3, 5, 3157853
What are the prime factors of 113835577?
43, 61, 43399
List the prime factors of 1694950861.
2851, 594511
List the prime factors of 3764416568.
2, 11, 42777461
What are the prime factors of 80883419?
80883419
List the prime factors of 664095100.
2, 5, 23, 173, 1669
What are the prime factors of 13709033?
13, 53, 101, 197
List the prime factors of 35977809.
3, 7, 244747
List the prime factors of 489417774.
2, 3, 1097, 74357
What are the prime factors of 11771141?
41, 53, 5417
What are the prime factors of 50381591?
13, 17, 277, 823
What are the prime factors of 2020223322?
2, 3, 13, 17, 169283
List the prime factors of 39677023.
61, 10663
What are the prime factors of 155861273?
31, 5027783
List the prime factors of 38525176.
2, 4815647
List the prime factors of 449655230.
2, 5, 373, 120551
What are the prime factors of 1021680421?
1021680421
List the prime factors of 65060837.
37, 1758401
What are the prime factors of 8967583?
29, 10663
List the prime factors of 2327291596.
2, 7, 6569, 12653
What are the prime factors of 79767368?
2, 97, 102793
What are the prime factors of 4616740245?
3, 5, 13, 23675591
What are the prime factors of 13125162?
2, 3, 19, 115133
List the prime factors of 2178734236.
2, 7, 607, 18313
List the prime factors of 5604683.
7, 800669
List the prime factors of 173072192.
2, 2704253
What are the prime factors of 125972121?
3, 11, 277, 13781
What are the prime factors of 206310264?
2, 3, 73, 117757
What are the prime factors of 417533044?
2, 61, 199, 8599
What are the prime factors of 1058924982?
2, 3, 8419, 20963
List the prime factors of 528307431.
3, 113, 877, 1777
List the prime factors of 5368612500.
2, 3, 5, 15907
What are the prime factors of 70869692?
2, 53, 353, 947
What are the prime factors of 402564267?
3, 7, 17, 19, 73, 271
List the prime factors of 280683810.
2, 3, 5, 11, 283519
What are the prime factors of 35946146?
2, 17973073
List the prime factors of 1181348.
2, 7, 31, 1361
List the prime factors of 640574343.
3, 73, 974999
List the prime factors of 404629797.
3, 11, 13, 811, 1163
What are the prime factors of 6859377745?
5, 11, 23, 353, 15361
List the prime factors of 742077084.
2, 3, 7, 1361, 6491
What are the prime factors of 47308283?
11, 4300753
What are the prime factors of 3461100221?
3461100221
What are the prime factors of 1464379691?
32443, 45137
List the prime factors of 33585248.
2, 29, 36191
What are the prime factors of 328053452?
2, 29, 59, 47933
List the prime factors of 107345712.
2, 3, 2236369
List the prime factors of 82966460.
2, 5, 17, 239, 1021
What are the prime factors of 247799984?
2, 229, 67631
List the prime factors of 85723972.
2, 19, 1127947
What are the prime factors of 95641169?
13, 31, 73, 3251
List the prime factors of 171732739.
171732739
What are the prime factors of 2023686756?
2, 3, 7, 13, 617731
What are the prime factors of 154512267?
3, 7, 13, 565979
List the prime factors of 23416210.
2, 5, 73, 32077
List the prime factors of 48372271.
19, 59, 43151
List the prime factors of 6222365461.
13, 19, 25191763
List the prime factors of 1668965403.
3, 7, 1549, 51307
What are the prime factors of 12751431?
3, 7, 11, 55201
What are the prime factors of 1736791148?
2, 157, 2765591
List the prime factors of 618351212.
2, 53, 71, 41081
List the prime factors of 702573702.
2, 3, 79, 823, 1801
List the prime factors of 69412796.
2, 47, 421, 877
List the prime factors of 466521150.
2, 3, 5, 251, 12391
What are the prime factors of 112019318?
2, 56009659
What are the prime factors of 6685383?
3, 983, 2267
List the prime factors of 195614496.
2, 3, 7, 11, 8821
What are the prime factors of 16384759?
16384759
List the prime factors of 3595587983.
13, 276583691
List the prime factors of 107759365.
5, 7, 3078839
List the prime factors of 18469612.
2, 7, 659629
What are the prime factors of 555897883?
311, 1787453
What are the prime factors of 339924458?
2, 169962229
List the prime factors of 172505143.
172505143
What are the prime factors of 35636836?
2, 8909209
List the prime factors of 116044802.
2, 37, 1568173
List the prime factors of 641833098.
2, 3, 106972183
List the prime factors of 103157101.
4481, 23021
List the prime factors of 2868278505.
3, 5, 17, 11248151
List the prime factors of 317654897.
7, 6482753
List the prime factors of 81735451.
7, 349, 33457
What are the prime factors of 6074931122?
2, 13, 17973169
What are the prime factors of 1368577817?
6959, 196663
List the prime factors of 51502640.
2, 5, 7, 91969
List the prime factors of 1851949310.
2, 5, 149, 643, 1933
List the prime factors of 45806933.
31, 1477643
List the prime factors of 3987960308.
2, 996990077
List the prime factors of 93047185.
5, 7, 11, 127, 173
What are the prime factors of 755150787?
3, 167, 502429
List the prime factors of 62095141.
251, 247391
List the prime factors of 127663634.
2, 7, 109, 269, 311
What are the prime factors of 759974685?
3, 5, 53, 103, 9281
What are the prime factors of 226809213?
3, 19, 167, 23827
What are the prime factors of 103790410?
2, 5, 10379041
List the prime factors of 20764083.
3, 47, 147263
List the prime factors of 4078104402.
2, 3, 233, 2917099
What are the prime factors of 57590481?
3, 13, 271, 5449
What are the prime factors of 2555284347?
3, 7, 11, 1229093
List the prime factors of 14690640.
2, 3, 5, 61211
What are the prime factors of 173346118?
2, 11, 7879369
List the prime factors of 37476604.
2, 11, 77431
What are the prime factors of 361094784?
2, 3, 940351
List the prime factors of 801994576.
2, 131, 382631
List the prime factors of 32335095.
3, 5, 13, 79, 2099
List th